 the remainder when 1391 is divided by 354?
329
Calculate the remainder when 1656 is divided by 146.
50
What is the remainder when 21058 is divided by 6807?
637
Calculate the remainder when 5297 is divided by 171.
167
Calculate the remainder when 24450 is divided by 133.
111
Calculate the remainder when 28655 is divided by 28646.
9
What is the remainder when 5088 is divided by 1038?
936
Calculate the remainder when 11753 is divided by 701.
537
Calculate the remainder when 118164 is divided by 451.
2
What is the remainder when 123170 is divided by 100?
70
What is the remainder when 6699 is divided by 328?
139
Calculate the remainder when 2694 is divided by 159.
150
Calculate the remainder when 109059 is divided by 87.
48
Calculate the remainder when 69863 is divided by 30.
23
What is the remainder when 1216693 is divided by 145?
143
Calculate the remainder when 12381 is divided by 1308.
609
Calculate the remainder when 33790 is divided by 4796.
218
What is the remainder when 363549 is divided by 146?
9
What is the remainder when 10499 is divided by 18?
5
Calculate the remainder when 13295 is divided by 13058.
237
Calculate the remainder when 9135 is divided by 2276.
31
What is the remainder when 92761 is divided by 9?
7
What is the remainder when 20721 is divided by 25?
21
Calculate the remainder when 82 is divided by 23.
13
What is the remainder when 178109 is divided by 23?
20
What is the remainder when 3652 is divided by 141?
127
Calculate the remainder when 17030 is divided by 181.
16
What is the remainder when 10434 is divided by 229?
129
What is the remainder when 8622 is divided by 343?
47
Calculate the remainder when 227999 is divided by 57.
56
Calculate the remainder when 5616 is divided by 1870.
6
What is the remainder when 13942 is divided by 6827?
288
Calculate the remainder when 10902 is divided by 64.
22
Calculate the remainder when 41486 is divided by 290.
16
Calculate the remainder when 35108 is divided by 156.
8
Calculate the remainder when 54655 is divided by 3415.
15
What is the remainder when 71198 is divided by 369?
350
Calculate the remainder when 2279 is divided by 758.
5
Calculate the remainder when 38 is divided by 28.
10
Calculate the remainder when 37220 is divided by 1618.
6
What is the remainder when 2495 is divided by 280?
255
Calculate the remainder when 325 is divided by 70.
45
Calculate the remainder when 1745 is divided by 239.
72
Calculate the remainder when 46999 is divided by 6681.
232
Calculate the remainder when 85021 is divided by 42474.
73
Calculate the remainder when 121679 is divided by 18.
17
What is the remainder when 2424 is divided by 1461?
963
What is the remainder when 13689 is divided by 4489?
222
What is the remainder when 2507 is divided by 829?
20
Calculate the remainder when 15627 is divided by 5203.
18
What is the remainder when 15903 is divided by 454?
13
Calculate the remainder when 6401 is divided by 35.
31
Calculate the remainder when 88376 is divided by 45.
41
What is the remainder when 26051 is divided by 119?
109
Calculate the remainder when 65722 is divided by 75.
22
Calculate the remainder when 28418 is divided by 5681.
13
Calculate the remainder when 2133566 is divided by 37.
35
What is the remainder when 115340 is divided by 228?
200
Calculate the remainder when 1922 is divided by 410.
282
What is the remainder when 1515 is divided by 1158?
357
Calculate the remainder when 16390 is divided by 412.
322
What is the remainder when 46676 is divided by 766?
716
Calculate the remainder when 4921 is divided by 215.
191
Calculate the remainder when 11374 is divided by 28.
6
Calculate the remainder when 74740 is divided by 202.
0
Calculate the remainder when 250161 is divided by 17.
6
Calculate the remainder when 1503 is divided by 957.
546
Calculate the remainder when 115335 is divided by 107.
96
Calculate the remainder when 116157 is divided by 240.
237
What is the remainder when 1062 is divided by 758?
304
Calculate the remainder when 288140 is divided by 82.
74
What is the remainder when 38882 is divided by 304?
274
What is the remainder when 4973 is divided by 496?
13
Calculate the remainder when 14563 is divided by 226.
99
Calculate the remainder when 9830 is divided by 3154.
368
What is the remainder when 68388 is divided by 103?
99
Calculate the remainder when 2937 is divided by 429.
363
Calculate the remainder when 444 is divided by 286.
158
Calculate the remainder when 920 is divided by 123.
59
What is the remainder when 97767 is divided by 202?
201
What is the remainder when 6876 is divided by 435?
351
Calculate the remainder when 25711 is divided by 445.
346
What is the remainder when 274497 is divided by 241?
239
Calculate the remainder when 4564 is divided by 55.
54
What is the remainder when 526 is divided by 193?
140
Calculate the remainder when 837263 is divided by 1133.
1109
What is the remainder when 46957 is divided by 19?
8
Calculate the remainder when 39971 is divided by 1140.
71
Calculate the remainder when 37394863 is divided by 17.
14
What is the remainder when 17257 is divided by 547?
300
What is the remainder when 40446 is divided by 146?
4
Calculate the remainder when 2160 is divided by 23.
21
What is the remainder when 61415 is divided by 614?
15
Calculate the remainder when 258466 is divided by 13.
0
Calculate the remainder when 77412 is divided by 165.
27
Calculate the remainder when 118594 is divided by 1464.
10
What is the remainder when 1433 is divided by 205?
203
Calculate the remainder when 2028 is divided by 11.
4
Calculate the remainder when 2992 is divided by 2977.
15
What is the remainder when 6247 is divided by 179?
161
What is the remainder when 16994 is divided by 347?
338
Calculate the remainder when 355 is divided by 53.
37
Calculate the remainder when 82090 is divided by 112.
106
What is the remainder when 22383 is divided by 1598?
11
Calculate the remainder when 1109 is divided by 294.
227
Calculate the remainder when 56282 is divided by 417.
404
Calculate the remainder when 12330 is divided by 35.
10
Calculate the remainder when 11824 is divided by 237.
211
Calculate the remainder when 346933 is divided by 16520.
13
What is the remainder when 125621 is divided by 25123?
6
What is the remainder when 7529 is divided by 222?
203
What is the remainder when 33909 is divided by 91?
57
Calculate the remainder when 13415 is divided by 305.
300
Calculate the remainder when 846 is divided by 135.
36
What is the remainder when 56572 is divided by 18?
16
Calculate the remainder when 10545 is divided by 12.
9
Calculate the remainder when 1654 is divided by 574.
506
What is the remainder when 4580 is divided by 563?
76
What is the remainder when 29082 is divided by 573?
432
What is the remainder when 12822 is divided by 1151?
161
Calculate the remainder when 46532 is divided by 1861.
7
Calculate the remainder when 3691 is divided by 244.
31
Calculate the remainder when 955 is divided by 110.
75
What is the remainder when 37946 is divided by 91?
90
Calculate the remainder when 12583 is divided by 2073.
145
Calculate the remainder when 1760 is divided by 1365.
395
Calculate the remainder when 74660 is divided by 4391.
13
Calculate the remainder when 31247 is divided by 2603.
11
What is the remainder when 129468 is divided by 7?
3
Calculate the remainder when 103857 is divided by 259.
257
What is the remainder when 2205648 is divided by 10?
8
Calculate the remainder when 211 is divided by 124.
87
Calculate the remainder when 72920 is divided by 202.
200
Calculate the remainder when 1973 is divided by 236.
85
What is the remainder when 637636 is divided by 40?
36
Calculate the remainder when 22586 is divided by 3225.
11
What is the remainder when 144882 is divided by 66?
12
Calculate the remainder when 916 is divided by 911.
5
Calculate the remainder when 3827 is divided by 248.
107
What is the remainder when 19245 is divided by 287?
16
Calculate the remainder when 987 is divided by 12.
3
Calculate the remainder when 13254 is divided by 381.
300
What is the remainder when 29086 is divided by 16?
14
Calculate the remainder when 934 is divided by 284.
82
What is the remainder when 105749 is divided by 22?
17
Calculate the remainder when 17693 is divided by